{"version":"1.0","provider_name":"Basetis","provider_url":"https:\/\/blog.basetis.com\/es\/","title":"La violencia psicol\u00f3gica tambi\u00e9n es VIOLENCIA - Basetis","type":"rich","width":600,"height":338,"html":"<blockquote class=\"wp-embedded-content\" data-secret=\"HZEVrZdoBz\"><a href=\"https:\/\/blog.basetis.com\/es\/article_basic\/la-violencia-psicologica-tambien-es-violencia\/\">La violencia psicol\u00f3gica tambi\u00e9n es VIOLENCIA<\/a><\/blockquote><iframe sandbox=\"allow-scripts\" security=\"restricted\" src=\"https:\/\/blog.basetis.com\/es\/article_basic\/la-violencia-psicologica-tambien-es-violencia\/embed\/#?secret=HZEVrZdoBz\" width=\"600\" height=\"338\" title=\"\u00abLa violencia psicol\u00f3gica tambi\u00e9n es VIOLENCIA\u00bb \u2014 Basetis\" data-secret=\"HZEVrZdoBz\" frameborder=\"0\" marginwidth=\"0\" marginheight=\"0\" scrolling=\"no\" class=\"wp-embedded-content\"><\/iframe><script>\n\/*! This file is auto-generated *\/\n!function(d,l){\"use strict\";l.querySelector&&d.addEventListener&&\"undefined\"!=typeof URL&&(d.wp=d.wp||{},d.wp.receiveEmbedMessage||(d.wp.receiveEmbedMessage=function(e){var t=e.data;if((t||t.secret||t.message||t.value)&&!\/[^a-zA-Z0-9]\/.test(t.secret)){for(var s,r,n,a=l.querySelectorAll('iframe[data-secret=\"'+t.secret+'\"]'),o=l.querySelectorAll('blockquote[data-secret=\"'+t.secret+'\"]'),c=new RegExp(\"^https?:$\",\"i\"),i=0;i<o.length;i++)o[i].style.display=\"none\";for(i=0;i<a.length;i++)s=a[i],e.source===s.contentWindow&&(s.removeAttribute(\"style\"),\"height\"===t.message?(1e3<(r=parseInt(t.value,10))?r=1e3:~~r<200&&(r=200),s.height=r):\"link\"===t.message&&(r=new URL(s.getAttribute(\"src\")),n=new URL(t.value),c.test(n.protocol))&&n.host===r.host&&l.activeElement===s&&(d.top.location.href=t.value))}},d.addEventListener(\"message\",d.wp.receiveEmbedMessage,!1),l.addEventListener(\"DOMContentLoaded\",function(){for(var e,t,s=l.querySelectorAll(\"iframe.wp-embedded-content\"),r=0;r<s.length;r++)(t=(e=s[r]).getAttribute(\"data-secret\"))||(t=Math.random().toString(36).substring(2,12),e.src+=\"#?secret=\"+t,e.setAttribute(\"data-secret\",t)),e.contentWindow.postMessage({message:\"ready\",secret:t},\"*\")},!1)))}(window,document);\n<\/script>\n","thumbnail_url":"https:\/\/blog.basetis.com\/wp-content\/uploads\/2022\/11\/violencia-psicologica_4-cast.jpg","thumbnail_width":1,"thumbnail_height":1,"description":"La violencia psicol\u00f3gica tambi\u00e9n es VIOLENCIA Cuando se habla de violencia de g\u00e9nero en general pensamos en atentados contra nuestro f\u00edsico, pero igual de importante son los atentados hacia nuestra psique, impactando directamente en la percepci\u00f3n que tenemos de nosotras mismas. A partir de un ataque a nuestra integridad constante y disimulado se llega a [&hellip;]"}

La violencia psicológica también es VIOLENCIA - Basetis

<blockquote class="wp-embedded-content" data-secret="HZEVrZdoBz"><a href="https://blog.basetis.com/es/article_basic/la-violencia-psicologica-tambien-es-violencia/">La violencia psicológica también es VIOLENCIA</a></blockquote><iframe sandbox="allow-scripts" security="restricted" src="https://blog.basetis.com/es/article_basic/la-violencia-psicologica-tambien-es-violencia/embed/#?secret=HZEVrZdoBz" width="600" height="338" title="«La violencia psicológica también es VIOLENCIA» — Basetis" data-secret="HZEVrZdoBz" frameborder="0" marginwidth="0" marginheight="0" scrolling="no" class="wp-embedded-content"></iframe><script>
/*! This file is auto-generated */
!function(d,l){"use strict";l.querySelector&&d.addEventListener&&"undefined"!=typeof URL&&(d.wp=d.wp||{},d.wp.receiveEmbedMessage||(d.wp.receiveEmbedMessage=function(e){var t=e.data;if((t||t.secret||t.message||t.value)&&!/[^a-zA-Z0-9]/.test(t.secret)){for(var s,r,n,a=l.querySelectorAll('iframe[data-secret="'+t.secret+'"]'),o=l.querySelectorAll('blockquote[data-secret="'+t.secret+'"]'),c=new RegExp("^https?:$","i"),i=0;i<o.length;i++)o[i].style.display="none";for(i=0;i<a.length;i++)s=a[i],e.source===s.contentWindow&&(s.removeAttribute("style"),"height"===t.message?(1e3<(r=parseInt(t.value,10))?r=1e3:~~r<200&&(r=200),s.height=r):"link"===t.message&&(r=new URL(s.getAttribute("src")),n=new URL(t.value),c.test(n.protocol))&&n.host===r.host&&l.activeElement===s&&(d.top.location.href=t.value))}},d.addEventListener("message",d.wp.receiveEmbedMessage,!1),l.addEventListener("DOMContentLoaded",function(){for(var e,t,s=l.querySelectorAll("iframe.wp-embedded-content"),r=0;r<s.length;r++)(t=(e=s[r]).getAttribute("data-secret"))||(t=Math.random().toString(36).substring(2,12),e.src+="#?secret="+t,e.setAttribute("data-secret",t)),e.contentWindow.postMessage({message:"ready",secret:t},"*")},!1)))}(window,document);
</script>

La violencia psicológica también es VIOLENCIA Cuando se habla de violencia de género en general pensamos en atentados contra nuestro físico, pero igual de importante son los atentados hacia nuestra psique, impactando directamente en la percepción que tenemos de nosotras mismas. A partir de un ataque a nuestra integridad constante y disimulado se llega a [&hellip;]
